e prime factors of 1292.
2, 17, 19
What are the prime factors of 54917?
54917
What are the prime factors of 105?
3, 5, 7
What are the prime factors of 1522?
2, 761
What are the prime factors of 745?
5, 149
List the prime factors of 21185.
5, 19, 223
List the prime factors of 2693.
2693
List the prime factors of 11316.
2, 3, 23, 41
List the prime factors of 4206.
2, 3, 701
List the prime factors of 3252.
2, 3, 271
What are the prime factors of 1026?
2, 3, 19
What are the prime factors of 65519?
65519
List the prime factors of 16352.
2, 7, 73
List the prime factors of 5498.
2, 2749
What are the prime factors of 1721?
1721
What are the prime factors of 3391?
3391
What are the prime factors of 45?
3, 5
List the prime factors of 7056.
2, 3, 7
List the prime factors of 3066.
2, 3, 7, 73
What are the prime factors of 80922?
2, 3, 13487
List the prime factors of 43698.
2, 3, 7283
What are the prime factors of 1001?
7, 11, 13
List the prime factors of 442.
2, 13, 17
What are the prime factors of 156101?
11, 23, 617
What are the prime factors of 51931?
11, 4721
List the prime factors of 46.
2, 23
List the prime factors of 25828.
2, 11, 587
What are the prime factors of 17917?
19, 23, 41
List the prime factors of 1048.
2, 131
What are the prime factors of 4352?
2, 17
List the prime factors of 1257.
3, 419
List the prime factors of 84034.
2, 42017
What are the prime factors of 386?
2, 193
List the prime factors of 59.
59
List the prime factors of 762.
2, 3, 127
What are the prime factors of 8360?
2, 5, 11, 19
What are the prime factors of 12636?
2, 3, 13
What are the prime factors of 76694?
2, 31, 1237
List the prime factors of 18847.
47, 401
What are the prime factors of 29772?
2, 3, 827
What are the prime factors of 5582?
2, 2791
List the prime factors of 597.
3, 199
What are the prime factors of 88951?
88951
List the prime factors of 1089.
3, 11
What are the prime factors of 25475?
5, 1019
List the prime factors of 78609.
3, 26203
List the prime factors of 14.
2, 7
List the prime factors of 3189.
3, 1063
List the prime factors of 2811.
3, 937
What are the prime factors of 4739?
7, 677
What are the prime factors of 6445?
5, 1289
What are the prime factors of 2073?
3, 691
List the prime factors of 603.
3, 67
List the prime factors of 199.
199
What are the prime factors of 1783?
1783
List the prime factors of 32536.
2, 7, 83
What are the prime factors of 25283?
131, 193
What are the prime factors of 2511?
3, 31
List the prime factors of 52546.
2, 13, 43, 47
List the prime factors of 1012.
2, 11, 23
What are the prime factors of 557?
557
What are the prime factors of 423?
3, 47
List the prime factors of 6940.
2, 5, 347
List the prime factors of 31755.
3, 5, 29, 73
What are the prime factors of 174232?
2, 29, 751
List the prime factors of 1110.
2, 3, 5, 37
What are the prime factors of 2045?
5, 409
What are the prime factors of 306?
2, 3, 17
List the prime factors of 1593.
3, 59
List the prime factors of 8431.
8431
List the prime factors of 1609.
1609
What are the prime factors of 1782?
2, 3, 11
List the prime factors of 84587.
251, 337
List the prime factors of 1297.
1297
List the prime factors of 44.
2, 11
List the prime factors of 1426.
2, 23, 31
What are the prime factors of 40814?
2, 20407
What are the prime factors of 41190?
2, 3, 5, 1373
List the prime factors of 5377.
19, 283
What are the prime factors of 8741?
8741
List the prime factors of 1554.
2, 3, 7, 37
List the prime factors of 13463.
13463
What are the prime factors of 19461?
3, 13, 499
What are the prime factors of 561?
3, 11, 17
What are the prime factors of 44230?
2, 5, 4423
List the prime factors of 999.
3, 37
List the prime factors of 54015.
3, 5, 13, 277
List the prime factors of 3600.
2, 3, 5
List the prime factors of 8100.
2, 3, 5
What are the prime factors of 76985?
5, 89, 173
List the prime factors of 867.
3, 17
What are the prime factors of 56796?
2, 3, 4733
List the prime factors of 1569.
3, 523
List the prime factors of 3139.
43, 73
What are the prime factors of 2794?
2, 11, 127
What are the prime factors of 41049?
3, 4561
List the prime factors of 1521.
3, 13
List the prime factors of 998.
2, 499
List the prime factors of 98339.
29, 3391
List the prime factors of 731.
17, 43
What are the prime factors of 1630?
2, 5, 163
List the prime factors of 29813.
7, 4259
List the prime factors of 1041.
3, 347
List the prime factors of 140567.
7, 43, 467
What are the prime factors of 1102?
2, 19, 29
List the prime factors of 175248.
2, 3, 1217
What are the prime factors of 1068?
2, 3, 89
List the prime factors of 648.
2, 3
What are the prime factors of 7925?
5, 317
List the prime factors of 20738.
2, 10369
List the prime factors of 6083.
7, 11, 79
What are the prime factors of 56232?
2, 3, 11, 71
List the prime factors of 1257.
3, 419
What are the prime factors of 59381?
7, 17, 499
List the prime factors of 2662.
2, 11
List the prime factors of 39513.
3, 13171
What are the prime factors of 893?
19, 47
List the prime factors of 45304.
2, 7, 809
What are the prime factors of 442?
2, 13, 17
What are the prime factors of 39472?
2, 2467
What are the prime factors of 749?
7, 107
List the prime factors of 1390.
2, 5, 139
What are the prime factors of 10744?
2, 17, 79
What are the prime factors of 392?
2, 7
List the prime factors of 3.
3
List the prime factors of 8494.
2, 31, 137
What are the prime factors of 50633?
11, 4603
List the prime factors of 22860.
2, 3, 5, 127
What are the prime factors of 78128?
2, 19, 257
List the prime factors of 191.
191
What are the prime factors of 12812?
2, 3203
What are the prime factors of 9083?
31, 293
What are the prime factors of 1205?
5, 241
What are the prime factors of 110?
2, 5, 11
What are the prime factors of 4563?
3, 13
List the prime factors of 424.
2, 53
What are the prime factors of 555?
3, 5, 37
What are the prime factors of 20214?
2, 3, 1123
List the prime factors of 268.
2, 67
What are the prime factors of 23545?
5, 17, 277
List the prime factors of 6009.
3, 2003
What are the prime factors of 1631?
7, 233
List the prime factors of 13405.
5, 7, 383
List the prime factors of 28737.
3, 31, 103
List the prime factors of 1212.
2, 3, 101
List the prime factors of 4011.
3, 7, 191
List the prime factors of 1030.
2, 5, 103
List the prime factors of 72455.
5, 43, 337
What are the prime factors of 52854?
2, 3, 23, 383
List the prime factors of 792.
2, 3, 11
List the prime factors of 4658.
2, 17, 137
List the prime factors of 1188.
2, 3, 11
List the prime factors of 64369.
59, 1091
List the prime factors of 28193.
11, 233
List the prime factors of 724.
2, 181
What are the prime factors of 698?
2, 349
List the prime factors of 532.
2, 7, 19
List the prime factors of 9904.
2, 619
What are the prime factors of 1157?
13, 89
List the prime factors of 4250.
2, 5, 17
What are the prime factors of 12615?
3, 5, 29
List the prime factors of 13579.
37, 367
List the prime factors of 9887.
9887
What are the prime factors of 4433?
11, 13, 31
List the prime factors of 4993.
4993
List the prime factors of 52938.
2, 3, 17, 173
List the prime factors of 3004.
2, 751
What are the prime factors of 2489?
19, 131
List the prime factors of 4881.
3, 1627
List the prime factors of 175.
5, 7
List the prime factors of 11455.
5, 29, 79
List the prime factors of 50700.
2, 3, 5, 13
What are the prime factors of 16391?
37, 443
List the prime factors of 471.
3, 157
What are the prime factors of 8086?
2, 13, 311
What are the prime factors of 62804?
2, 7, 2243
What are the prime factors of 5017?
29, 173
List the prime factors of 1447.
1447
List the prime factors of 4211.
4211
List the prime factors of 1721.
1721
What are the prime factors of 852?
2, 3, 71
What are the prime factors of 135?
3, 5
List the prime factors of 5614.
2, 7, 401
List the prime factors of 5757.
3, 19, 101
List the prime factors of 112357.
7, 2293
What are the prime factors of 1429?
1429
List the prime factors of 553.
7, 79
List the prime factors of 3481.
59
List the prime factors of 125101.
125101
What are the prime factors of 1917?
3, 71
What are the prime factors of 3466?
2, 1733
What are the prime factors of 994?
2, 7, 71
List the prime factors of 10133.
10133
What are the prime factors of 7753?
7753
What are t